ltiple of 47?
False
Does 21 divide 5028?
False
Does 61 divide 5813?
False
Is 60 a factor of 52619?
False
Is 14 a factor of 13373?
False
Does 38 divide 156?
False
Is 21 a factor of 28503?
False
Is 2953 a multiple of 10?
False
Does 28 divide 76566?
False
Is 282 a multiple of 47?
True
Is 24 a factor of 491?
False
Does 8 divide 2451?
False
Does 49 divide 13573?
True
Does 27 divide 3412?
False
Is 9890 a multiple of 43?
True
Does 15 divide 64697?
False
Is 10395 a multiple of 47?
False
Is 9530 a multiple of 74?
False
Is 284 a factor of 29840?
False
Is 24 a factor of 38832?
True
Is 638 a multiple of 29?
True
Does 16 divide 1141?
False
Is 655 a multiple of 5?
True
Does 28 divide 2553?
False
Does 38 divide 380?
True
Is 5 a factor of 150?
True
Is 1166 a multiple of 13?
False
Does 2 divide 23?
False
Is 39 a multiple of 3?
True
Is 160 a factor of 99488?
False
Is 52890 a multiple of 30?
True
Does 72 divide 12676?
False
Is 93 a multiple of 4?
False
Does 32 divide 248?
False
Does 186 divide 14322?
True
Is 48664 a multiple of 316?
True
Is 5379 a multiple of 7?
False
Is 69 a factor of 1330?
False
Does 13 divide 3380?
True
Is 5303 a multiple of 12?
False
Is 9027 a multiple of 153?
True
Is 72 a factor of 64785?
False
Is 46 a factor of 28934?
True
Is 62 a factor of 795?
False
Does 29 divide 3958?
False
Is 14 a factor of 56028?
True
Does 33 divide 1188?
True
Is 31 a factor of 62217?
True
Is 546 a multiple of 6?
True
Does 61 divide 2131?
False
Is 31 a multiple of 3?
False
Is 5 a factor of 60?
True
Does 7 divide 2481?
False
Does 21 divide 19626?
False
Is 701 a multiple of 2?
False
Is 8 a factor of 584?
True
Is 8544 a multiple of 57?
False
Is 3180 a multiple of 30?
True
Is 267 a factor of 5390?
False
Is 837 a multiple of 14?
False
Is 8904 a multiple of 159?
True
Is 22786 a multiple of 13?
False
Is 334 a factor of 86506?
True
Is 1349 a multiple of 19?
True
Is 74 a factor of 13024?
True
Is 327 a multiple of 21?
False
Does 9 divide 414?
True
Does 13 divide 698?
False
Is 2805 a multiple of 17?
True
Is 26 a factor of 538?
False
Does 252 divide 2854?
False
Is 37488 a multiple of 22?
True
Is 1568 a multiple of 49?
True
Does 11 divide 9900?
True
Is 817 a multiple of 32?
False
Does 19 divide 555?
False
Is 924 a multiple of 12?
True
Is 4650 a multiple of 25?
True
Is 1288 a multiple of 7?
True
Does 58 divide 17296?
False
Is 19 a multiple of 19?
True
Is 180 a multiple of 12?
True
Is 103793 a multiple of 45?
False
Is 375 a multiple of 12?
False
Is 57 a factor of 14079?
True
Is 23 a factor of 253?
True
Is 6022 a multiple of 145?
False
Does 44 divide 836?
True
Is 42 even?
True
Does 82 divide 984?
True
Is 11517 a multiple of 16?
False
Is 37 a factor of 1036?
True
Is 315 a factor of 24871?
False
Is 529 a multiple of 126?
False
Is 28 a factor of 252?
True
Does 289 divide 49130?
True
Is 19 a factor of 3268?
True
Does 126 divide 17514?
True
Does 42 divide 36791?
False
Does 66 divide 4287?
False
Is 966 a multiple of 9?
False
Is 1972 a multiple of 47?
False
Does 9 divide 13472?
False
Is 86216 a multiple of 189?
False
Is 1406 a multiple of 34?
False
Is 46 a factor of 138?
True
Is 5335 a multiple of 29?
False
Is 1122 a multiple of 48?
False
Does 232 divide 109968?
True
Is 17896 a multiple of 34?
False
Is 416 a multiple of 32?
True
Is 12 a factor of 13844?
False
Does 38 divide 3722?
False
Is 42 a factor of 2520?
True
Does 34 divide 3502?
True
Is 13 a factor of 38493?
True
Is 82 a factor of 12956?
True
Is 17 a factor of 151?
False
Does 11 divide 319?
True
Is 3164 a multiple of 7?
True
Is 1675 a multiple of 35?
False
Does 158 divide 10555?
False
Is 272 a factor of 23664?
True
Is 6219 a multiple of 16?
False
Does 68 divide 476?
True
Is 763 a multiple of 7?
True
Is 12960 a multiple of 16?
True
Is 31 a factor of 5688?
False
Does 14 divide 13958?
True
Is 426 a multiple of 19?
False
Is 194 a factor of 29175?
False
Does 46 divide 51348?
False
Is 63 a factor of 974?
False
Is 120 a multiple of 20?
True
Does 38 divide 5887?
False
Does 48 divide 384?
True
Is 1590 a multiple of 53?
True
Is 12 a factor of 561?
False
Is 14402 a multiple of 54?
False
Is 12 a factor of 843?
False
Is 263 even?
False
Is 67 a factor of 78524?
True
Is 49998 a multiple of 112?
False
Does 2 divide 1175?
False
Is 874 a multiple of 26?
False
Is 8721 a multiple of 17?
True
Is 7045 a multiple of 5?
True
Is 370 a multiple of 18?
False
Is 2 a factor of 16270?
True
Is 276 a multiple of 23?
True
Is 7502 a multiple of 121?
True
Does 32 divide 485?
False
Is 1557 a multiple of 9?
True
Is 6390 a multiple of 5?
True
Is 1008 a multiple of 7?
True
Is 8 a factor of 21230?
False
Does 16 divide 46560?
True
Is 6 a factor of 162?
True
Is 149 a factor of 18625?
True
Is 54 a factor of 17796?
False
Does 5 divide 26?
False
Does 26 divide 30784?
True
Does 12 divide 3083?
False
Does 18 divide 23288?
False
Is 1555 a multiple of 35?
False
Is 4278 a multiple of 186?
True
Is 10 a factor of 42566?
False
Does 69 divide 5520?
True
Is 16 a factor of 14512?
True
Is 45 a multiple of 9?
True
Is 279 a multiple of 9?
True
Is 14 a factor of 476?
True
Is 950 a multiple of 38?
True
Is 103 a factor of 19016?
False
Is 21 a factor of 14406?
True
Is 6994 a multiple of 13?
True
Is 329 a multiple of 17?
False
Is 708 a multiple of 12?
True
Does 36 divide 3060?
True
Does 39 divide 25077?
True
Is 55086 a multiple of 35?
False
Is 2140 a multiple of 4?
True
Does 2 divide 1877?
False
Is 27 a factor of 750?
False
Is 32970 a multiple of 35?
True
Is 13811 a multiple of 14?
False
Does 62 divide 1736?
True
Does 74 divide 1275?
False
Does 2 divide 1129?
False
Is 7 a factor of 16723?
True
Is 67 a factor of 3283?
True
Is 13120 a multiple of 18?
False
Is 16533 a multiple of 11?
True
Is 21 a factor of 19341?
True
Does 41 divide 17261?
True
Does 11 divide 110?
True
Is 11802 a multiple of 14?
True
Is 263 a multiple of 4?
False
Is 22008 a multiple of 5?
False
Is 164 a multiple of 16?
False
Does 11 divide 13881?
False
Is 19 a factor of 5718?
False
Is 5655 a multiple of 98?
False
Is 20 a factor of 4350?
False
Does 25 divide 18620?
False
Is 7058 a multiple of 10?
False
Does 157 divide 10985?
False
Is 77 a factor of 40117?
True
Is 18 a factor of 2224?
False
Is 2843 a multiple of 87?
False
Does 323 divide 8312?
False
Does 168 divide 10248?
True
Does 44 divide 10566?
False
Is 1333 a multiple of 31?
True
Is 493 a factor of 48223?
False
Is 35742 a multiple of 46?
True
Does 5 divide 6162?
False
Does 135 divide 13915?
False
Is 9707 a multiple of 21?
False
Is 9 a factor of 3649?
False
Is 74 a factor of 666?
True
Is 2041 a multiple of 13?
True
Is 205 a multiple of 17?
False
Does 6 divide 222?
True
Is 1794 a multiple of 70?
False
Does 6 divide 16746?
True
Does 12 divide 1295?
False
Is 800 a multiple of 80?
True
Is 38 a factor of 6790?
False
Is 25 a factor of 7171?
False
Is 10 a factor of 4084?
False
Is 457 a multiple of 6?
False
Does 7 divide 522?
False
Does 19 divide 5529?
True
Does 4 divide 3657?
False
Is 2223 a multiple of 16?
False
Is 7995 a multiple of 18?
False
Is 42 a factor of 2940?
True
Is 39070 a multiple of 68?
False
Is 11 a factor of 165?
True
Is 342 a multiple of 19?
True
Does 108 divide 16803?
False
Is 27 a factor of 5022?
True
Is 262 a factor of 16244?
True
Is 1304 a multiple of 63?
False
Does 32 divide 3648?
True
Is 12 a factor of 2166?
False
Is 8808 a multiple of 16?
False
Does 20 divide 44160?
True
Does 36 divide 61295?
False
Is 39 a factor of 15328?
False
Does 18 divide 2214?
True
Is 4 a factor of 1948?
True
Is 195 a multiple of 5?
True
Is 240 a multiple of 4?
True
Is 696 a multiple of 3?
True
Does 7 divide 1211?
True
Does 180 divide 3960?
True
Is 10 a factor of 151380?
True
Is 19679 a multiple of 68?
False
Does 13 divide 12958?
False
Does 35 divide 939?
False
Does 26 divide 1040?
True
Is 224 a factor of 2016?
True
Is 23 a factor of 2730?
False
Does 3 divide 22523?
False
Is 125 a multiple of 3?
False
Is 2160 a multiple of 72?
True
Is 98 a factor of 76146?
True
Does 14 divide 574?
True
Is 7 a factor of 450?
False
Is 5 a factor of 332?
False
Is 2914 a multiple of 46?
False
Does 28 divide 588?
True
Is 1064 a multiple of 21?
False
Does 7 divide 20216?
True
Is 1448 a multiple of 130?
False
Is 533 a multiple of 3?
False
Is 36 a factor of 2359?
False
Does 34 divide 30056?
True
Does 14 divide 1